{"id":996,"date":"2024-03-21T11:07:02","date_gmt":"2024-03-21T11:07:02","guid":{"rendered":"https:\/\/www.bioteacheu.com\/?page_id=996"},"modified":"2024-03-21T11:17:52","modified_gmt":"2024-03-21T11:17:52","slug":"proje-hakkinda","status":"publish","type":"page","link":"https:\/\/www.bioteacheu.com\/?page_id=996&lang=tr","title":{"rendered":"Proje Hakk\u0131nda"},"content":{"rendered":"\t\t<div data-elementor-type=\"wp-post\" data-elementor-id=\"996\" class=\"elementor elementor-996\">\n\t\t\t\t\t\t\t\t\t<section class=\"elementor-section elementor-top-section elementor-element elementor-element-688ad38 elementor-section-content-middle elementor-section-boxed elementor-section-height-default elementor-section-height-default\" data-id=\"688ad38\" data-element_type=\"section\" data-settings=\"{&quot;background_background&quot;:&quot;classic&quot;}\" data-e-bg-lazyload=\"\">\n\t\t\t\t\t\t\t<div class=\"elementor-background-overlay\"><\/div>\n\t\t\t\t\t\t\t<div class=\"elementor-container elementor-column-gap-no\">\n\t\t\t\t\t<div class=\"elementor-column elementor-col-100 elementor-top-column elementor-element elementor-element-148e58a\" data-id=\"148e58a\" data-element_type=\"column\">\n\t\t\t<div class=\"elementor-widget-wrap elementor-element-populated\">\n\t\t\t\t\t\t\t\t<div class=\"elementor-element elementor-element-d915ffa elementor-widget elementor-widget-heading\" data-id=\"d915ffa\" data-element_type=\"widget\" data-widget_type=\"heading.default\">\n\t\t\t\t<div class=\"elementor-widget-container\">\n\t\t\t<style>\/*! elementor - v3.12.1 - 02-04-2023 *\/\n.elementor-heading-title{padding:0;margin:0;line-height:1}.elementor-widget-heading .elementor-heading-title[class*=elementor-size-]>a{color:inherit;font-size:inherit;line-height:inherit}.elementor-widget-heading .elementor-heading-title.elementor-size-small{font-size:15px}.elementor-widget-heading .elementor-heading-title.elementor-size-medium{font-size:19px}.elementor-widget-heading .elementor-heading-title.elementor-size-large{font-size:29px}.elementor-widget-heading .elementor-heading-title.elementor-size-xl{font-size:39px}.elementor-widget-heading .elementor-heading-title.elementor-size-xxl{font-size:59px}<\/style><h1 class=\"elementor-heading-title elementor-size-default\">BIOTE(A)CH HAKKINDA<\/h1>\t\t<\/div>\n\t\t\t\t<\/div>\n\t\t\t\t\t<\/div>\n\t\t<\/div>\n\t\t\t\t\t\t\t<\/div>\n\t\t<\/section>\n\t\t\t\t<section class=\"elementor-section elementor-top-section elementor-element elementor-element-303906c elementor-section-content-top elementor-section-boxed elementor-section-height-default elementor-section-height-default\" data-id=\"303906c\" data-element_type=\"section\">\n\t\t\t\t\t\t<div class=\"elementor-container elementor-column-gap-no\">\n\t\t\t\t\t<div class=\"elementor-column elementor-col-33 elementor-top-column elementor-element elementor-element-79e7669\" data-id=\"79e7669\" data-element_type=\"column\">\n\t\t\t<div class=\"elementor-widget-wrap elementor-element-populated\">\n\t\t\t\t\t\t\t\t<div class=\"elementor-element elementor-element-995166e elementor-widget__width-initial elementor-widget elementor-widget-heading\" data-id=\"995166e\" data-element_type=\"widget\" data-widget_type=\"heading.default\">\n\t\t\t\t<div class=\"elementor-widget-container\">\n\t\t\t<h5 class=\"elementor-heading-title elementor-size-default\">BIOTE(A)CH<\/h5>\t\t<\/div>\n\t\t\t\t<\/div>\n\t\t\t\t\t<\/div>\n\t\t<\/div>\n\t\t\t\t<div class=\"elementor-column elementor-col-66 elementor-top-column elementor-element elementor-element-d067b90\" data-id=\"d067b90\" data-element_type=\"column\">\n\t\t\t<div class=\"elementor-widget-wrap elementor-element-populated\">\n\t\t\t\t\t\t\t\t<div class=\"elementor-element elementor-element-c3c1f36 elementor-widget__width-inherit elementor-widget elementor-widget-heading\" data-id=\"c3c1f36\" data-element_type=\"widget\" data-widget_type=\"heading.default\">\n\t\t\t\t<div class=\"elementor-widget-container\">\n\t\t\t<h3 class=\"elementor-heading-title elementor-size-default\">Do\u011fan\u0131n g\u00fcc\u00fc ya\u015fam ve biyoteknoloji bu g\u00fcc\u00fc nitelikli profesyonellerle desteklemek i\u00e7in var.<\/h3>\t\t<\/div>\n\t\t\t\t<\/div>\n\t\t\t\t<div class=\"elementor-element elementor-element-a2dcc47 elementor-widget__width-initial elementor-widget elementor-widget-text-editor\" data-id=\"a2dcc47\" data-element_type=\"widget\" data-widget_type=\"text-editor.default\">\n\t\t\t\t<div class=\"elementor-widget-container\">\n\t\t\t<style>\/*! elementor - v3.12.1 - 02-04-2023 *\/\n.elementor-widget-text-editor.elementor-drop-cap-view-stacked .elementor-drop-cap{background-color:#69727d;color:#fff}.elementor-widget-text-editor.elementor-drop-cap-view-framed .elementor-drop-cap{color:#69727d;border:3px solid;background-color:transparent}.elementor-widget-text-editor:not(.elementor-drop-cap-view-default) .elementor-drop-cap{margin-top:8px}.elementor-widget-text-editor:not(.elementor-drop-cap-view-default) .elementor-drop-cap-letter{width:1em;height:1em}.elementor-widget-text-editor .elementor-drop-cap{float:left;text-align:center;line-height:1;font-size:50px}.elementor-widget-text-editor .elementor-drop-cap-letter{display:inline-block}<\/style>\t\t\t\t<p>\u00d6\u011frencilerin bilgi ve becerilerini akademiden sanayiye aktarmas\u0131, akademik m\u00fckemmeliyetin yan\u0131 s\u0131ra inovasyon i\u00e7in de \u00f6nemli bir konu olarak kabul edilmekte. 2000&#8217;li y\u0131llardan bu yana, ara\u015ft\u0131rma kurumlar\u0131n\u0131n ve end\u00fcstrilerin rol\u00fc \u00f6nemli \u00f6l\u00e7\u00fcde de\u011fi\u015fiyor (OECD, 2007).<\/p><p>G\u00fcn\u00fcm\u00fczde kariyer olu\u015fturma a\u015famalar\u0131, \u00f6nceki y\u0131llara g\u00f6re daha karma\u015f\u0131k bir s\u00fcre\u00e7 i\u00e7eriyor. Literat\u00fcr taramas\u0131ndan yola \u00e7\u0131karak diyebiliriz ki, \u00fcniversiteden i\u015fe ge\u00e7i\u015f, mezunlar\u0131n gelecekteki kariyerlerinde \u00e7ok \u00f6nemli bir ad\u0131m ve \u00f6zel yetenekler gerektiriyor (Santisi vd., 2018). Bu do\u011frultuda, ara\u015ft\u0131rma kurumlar\u0131, ara\u015ft\u0131rma sonu\u00e7lar\u0131n\u0131n kullan\u0131m\u0131n\u0131 en \u00fcst d\u00fczeye \u00e7\u0131karmak i\u00e7in sanayi ile daha fazla etkile\u015fime girme ihtiyac\u0131n\u0131n fark\u0131ndalar. Ancak ara\u015ft\u0131rmac\u0131lar, \u00fcniversite \u00f6\u011frenimi ile i\u015fyeri uygulamalar\u0131 aras\u0131nda bir uyumsuzluk oldu\u011funu da belirtiyorlar (Jackson, Fleming ve Rowe, 2019).<\/p>\t\t\t\t\t\t<\/div>\n\t\t\t\t<\/div>\n\t\t\t\t<div class=\"elementor-element elementor-element-237b3ab elementor-widget elementor-widget-text-editor\" data-id=\"237b3ab\" data-element_type=\"widget\" data-widget_type=\"text-editor.default\">\n\t\t\t\t<div class=\"elementor-widget-container\">\n\t\t\t\t\t\t\t<p>BIOTE(A)CH teknoloji alan\u0131nda ya\u015fanan son geli\u015fmelerle ba\u011flant\u0131l\u0131 olarak tar\u0131msal biyoteknolojide y\u00fcksek\u00f6\u011fretimden i\u015fg\u00fcc\u00fc piyasas\u0131na ge\u00e7i\u015fi geli\u015ftiren tasar\u0131m d\u00fc\u015f\u00fcncesini kullanarak bir m\u00fcfredat olu\u015fturmay\u0131 ve ters y\u00fcz \u00f6\u011frenme ile tasarlanm\u0131\u015f ders sunumunu destekleyen \u00f6\u011fretim materyalleri geli\u015ftirmeyi ama\u00e7l\u0131yor.<\/p>\t\t\t\t\t\t<\/div>\n\t\t\t\t<\/div>\n\t\t\t\t\t<\/div>\n\t\t<\/div>\n\t\t\t\t\t\t\t<\/div>\n\t\t<\/section>\n\t\t\t\t\t\t\t<\/div>\n\t\t","protected":false},"excerpt":{"rendered":"<p>BIOTE(A)CH HAKKINDA BIOTE(A)CH Do\u011fan\u0131n g\u00fcc\u00fc ya\u015fam ve biyoteknoloji bu g\u00fcc\u00fc nitelikli profesyonellerle desteklemek i\u00e7in var. \u00d6\u011frencilerin bilgi ve becerilerini akademiden sanayiye aktarmas\u0131, akademik m\u00fckemmeliyetin yan\u0131 s\u0131ra inovasyon i\u00e7in de \u00f6nemli bir konu olarak kabul edilmekte. 2000&#8217;li y\u0131llardan bu yana, ara\u015ft\u0131rma kurumlar\u0131n\u0131n ve end\u00fcstrilerin rol\u00fc \u00f6nemli \u00f6l\u00e7\u00fcde de\u011fi\u015fiyor (OECD, 2007). G\u00fcn\u00fcm\u00fczde kariyer olu\u015fturma a\u015famalar\u0131, \u00f6nceki y\u0131llara &hellip;<\/p>\n<p class=\"read-more\"> <a class=\"\" href=\"https:\/\/www.bioteacheu.com\/?page_id=996&#038;lang=tr\"> <span class=\"screen-reader-text\">Proje Hakk\u0131nda<\/span> Read More &raquo;<\/a><\/p>\n","protected":false},"author":1,"featured_media":0,"parent":0,"menu_order":0,"comment_status":"closed","ping_status":"closed","template":"","meta":{"site-sidebar-layout":"no-sidebar","site-content-layout":"page-builder","ast-global-header-display":"","ast-main-header-display":"","ast-hfb-above-header-display":"","ast-hfb-below-header-display":"","ast-hfb-mobile-header-display":"","site-post-title":"disabled","ast-breadcrumbs-content":"","ast-featured-img":"disabled","footer-sml-layout":"","theme-transparent-header-meta":"enabled","adv-header-id-meta":"","stick-header-meta":"","header-above-stick-meta":"","header-main-stick-meta":"","header-below-stick-meta":"","footnotes":""},"class_list":["post-996","page","type-page","status-publish","hentry"],"_links":{"self":[{"href":"https:\/\/www.bioteacheu.com\/index.php?rest_route=\/wp\/v2\/pages\/996","targetHints":{"allow":["GET"]}}],"collection":[{"href":"https:\/\/www.bioteacheu.com\/index.php?rest_route=\/wp\/v2\/pages"}],"about":[{"href":"https:\/\/www.bioteacheu.com\/index.php?rest_route=\/wp\/v2\/types\/page"}],"author":[{"embeddable":true,"href":"https:\/\/www.bioteacheu.com\/index.php?rest_route=\/wp\/v2\/users\/1"}],"replies":[{"embeddable":true,"href":"https:\/\/www.bioteacheu.com\/index.php?rest_route=%2Fwp%2Fv2%2Fcomments&post=996"}],"version-history":[{"count":5,"href":"https:\/\/www.bioteacheu.com\/index.php?rest_route=\/wp\/v2\/pages\/996\/revisions"}],"predecessor-version":[{"id":1009,"href":"https:\/\/www.bioteacheu.com\/index.php?rest_route=\/wp\/v2\/pages\/996\/revisions\/1009"}],"wp:attachment":[{"href":"https:\/\/www.bioteacheu.com\/index.php?rest_route=%2Fwp%2Fv2%2Fmedia&parent=996"}],"curies":[{"name":"wp","href":"https:\/\/api.w.org\/{rel}","templated":true}]}}